= -5*v + 21, 2*w = 2*v + w - 8. Calculate t(v).
5
Let b(n) be the first derivative of n**3/3 + 3*n - 61. Determine b(-4).
19
Let a = 238 + -232. Let g(m) = 4*m + 1. Give g(a).
25
Let o(m) = m**3 - 4*m**2 - 5*m + 6. Suppose 3*c - 5*t = 56, 1 - 9 = 2*t. Suppose 0 = 4*u + c - 4. Let y(j) = -j**3 - j**2 - 2*j - 3. Let i be y(u). Give o(i).
6
Suppose -31*a - 2*t = -26*a + 20, 3*a - 3*t = 9. Let b(u) be the second derivative of 2*u**3/3 + u. Determine b(a).
-8
Let v(c) be the first derivative of -c**4/4 - 7*c**3/3 + 7*c**2/2 - 4*c - 244. Calculate v(-8).
4
Let a(i) = -i**3 + 9*i**2 - i + 7. Let w(y) = y**3 - 10*y**2 + y - 8. Let r(x) = 7*a(x) + 6*w(x). Suppose -16*o + 44 = 12. Calculate r(o).
3
Let g(q) be the second derivative of -q**5/20 - 3*q**4/4 + 3*q**3/2 - 13*q**2/2 - 10*q. Let j be g(-10). Let n(w) = 2*w - 1. Determine n(j).
-7
Let b be 2/(-12) + (-92)/(-138). Let z(t) be the first derivative of 3*t - b*t**2 - 8. Determine z(6).
-3
Let o(s) = -8*s**2 + 2*s - 3. Let g = -16 - -12. Let u(p) = 7*p**2 - 2*p + 2. Let t(l) = g*o(l) - 5*u(l). Let b be 10/(-4)*12/(-15). Calculate t(b).
-6
Let b(x) = x + 1. Suppose -19 - 10 = -5*r - 4*w, -5*r + 3*w = -22. What is b(r)?
6
Let m = 33 + -18. Suppose 12 = 3*o - 4*j - 0*j, -3*o - 5*j = m. Let f(w) = -w - 1. Give f(o).
-1
Let t(d) be the third derivative of -d**8/840 - d**6/720 + d**5/120 - 5*d**4/12 + 22*d**2. Let z(w) be the second derivative of t(w). Give z(1).
-8
Suppose t + m + 20 = -2*t, -5*m = -4*t - 52. Let j be t/((6/(-24))/((-1)/8)). Let p(d) = -2*d - 5. Give p(j).
3
Suppose 14*n + 32 = 46. Let i(t) = -6*t + 1. Let h(a) = -a. Let o(m) = -3*h(m) - i(m). Give o(n).
8
Let i(j) = j**3 + j**2 - 2*j - 1. Let f(z) = -5*z**3 + 2*z**2 + 9*z + 10. Let w(s) = -f(s) - 4*i(s). Calculate w(6).
-12
Let z = 115 - 124. Let b = -15 - z. Let n(y) = -y**2 - 8*y - 4. What is n(b)?
8
Let i = -24 + 29. Let q(p) be the first derivative of -p**2/2 + 12*p - 47. Give q(i).
7
Let x be (25 - 13 - 4)/(-1). Let w(j) = j**3 + 7*j**2 - 9*j - 6. Determine w(x).
2
Let h(j) = 2*j - 2. Let s(a) = -1 - a**2 + 20*a - 6*a - 2 + 0*a**2. Let f be s(14). Let m be 3/(f/2*1). Calculate h(m).
-6
Let v = -3134 - -3125. Let w(j) = j**3 + 2*j**2 - 3*j - 11. Let x(f) = 2*f**3 + 5*f**2 - 7*f - 21. Let i(s) = -11*w(s) + 6*x(s). What is i(v)?
-5
Let f(i) = i**2 + 6*i + 1. Let j(m) = 3*m**2 + 13*m - 17. Let g be j(-5). Give f(g).
8
Suppose 10 = 4*j - 10. Let w(n) = -3 + n**2 + j + 5 - n - 1. Let d(z) = z - 6. Let g be d(6). Give w(g).
6
Let s(j) = j**3 - 4*j**2 + j - 5. Let p be s(4). Let a(t) = t**3 - 5*t**2 - 4*t - 6. Let z be a(6). Let f(v) = v**2 + z*v - 6*v + 4*v - 5*v. What is f(p)?
2
Let s(o) = 2*o**2 - o + 2*o + 0*o**2. Let r(h) = h**2 + 3*h - 6. Let w be r(-4). Let i = -1 - w. Give s(i).
3
Let s(h) = -5*h + 112. Let v be s(24). Let f(y) = -y**3 - 8*y**2 - y - 8. Determine f(v).
0
Let y = 82 - 90. Let j(s) be the second derivative of -s**5/20 - 3*s**4/4 - 3*s**3/2 + s**2/2 + s. What is j(y)?
9
Let d(f) = 3*f + 5. Suppose -49 = -2*z + 9*z. Let q be 1*z + 7 + -4. Determine d(q).
-7
Let c(q) = 5*q**2 + 3*q - 3. Let k be (-36)/(-63)*21/(-6). What is c(k)?
11
Let q(u) = -3*u**2 + 3*u + 1. Let s = 423 - 419. Calculate q(s).
-35
Let b(p) = 4*p. Suppose -5*g + v + 52 = 0, 2*v - 3 = 3. Suppose 3*c + 1 = -2*x + 2, 5*c = -x + g. Determine b(c).
12
Suppose -7*s + 1094 = 1073. Let l(c) be the first derivative of c - 10 - 2*c**2 + 1/3*c**s. What is l(5)?
6
Let l(g) be the first derivative of -g**2/2 - 2*g + 105. Give l(-4).
2
Let t(k) = 3*k**2 - 4*k - 8. Let b(a) = a**2 + a. Let l = -98 - -99. Let s(v) = l*t(v) - 4*b(v). What is s(-7)?
-1
Let u(f) = f**2. Let w(l) = -3*l**2 - 6*l - 6. Let i(r) = 2*u(r) + w(r). Suppose -4*x + 3*n = 26, -7*x - 4*n + 13 = -8*x. Determine i(x).
-1
Suppose 22*p - 18 = 25*p. Let c(i) = i**3 + 7*i**2 + 3*i - 5. Determine c(p).
13
Let j(i) = 4*i + 2. Let a(x) = x**3 + x**2 - 4. Let l be a(0). Let g be 21/(-9) + l/(-12). What is j(g)?
-6
Let o(n) = n**3 - n + 9. Let m be o(0). Let t(z) = -326*z**2 + 984*z**2 - 6 - 331*z**2 - 326*z**2 - 9*z. What is t(m)?
-6
Let u(d) = -2*d**2 + 13*d + 12. Let p(s) = -5*s**2 + 28*s + 26. Let h(g) = -6*p(g) + 13*u(g). Give h(1).
5
Suppose 0 = 6*z - 48 + 12. Suppose -35 = k - z*k. Let x(t) = -t + 15. What is x(k)?
8
Let n(i) = 2*i**2 - 5*i - 4. Let j(t) be the second derivative of -t**3/6 - t**2 - 11*t. Let k be j(-6). Calculate n(k).
8
Let r(s) = -s**2 - s + 6. Let y be 2*(-1)/(4/4) + 2. Suppose y = -2*f - q - 4, -3*f - 3*q + 4*q + 4 = 0. Calculate r(f).
6
Let f(d) = -d**3 + 2*d**2 + 2. Let t be f(2). Suppose -3*l - 20 = t*l. Let b(i) = i**3 - 5 - 6*i - 2*i**3 + 3*i - 5*i**2. What is b(l)?
-9
Let v(w) be the second derivative of w**5/20 - w**4/6 + w**3/6 + 3*w + 2. Let s(u) = -u + 5. Let z be s(3). What is v(z)?
2
Let c(d) = -5*d - 6. Let l(k) = 12*k + 11. Let x(g) = 5*c(g) + 2*l(g). What is x(-7)?
-1
Suppose -2*q = -2*i + 10, -1 - 2 = -2*i - 5*q. Suppose 0 = 5*z + i + 1, 0 = -4*j - 2*z + 10. Let c(l) = l**2 - l - 4. Determine c(j).
2
Let s(j) = 3*j**2 + 7*j**2 + 490*j + j**3 - j**2 - 483*j. Determine s(-8).
8
Let h(n) = -n**2 - 14*n - 17. Suppose 3*z - 7*z - 3*y - 63 = 0, -y - 53 = 4*z. Give h(z).
7
Let a(s) = -4*s + 35. Let y(n) = -8*n + 62. Let v(k) = -5*a(k) + 2*y(k). Give v(11).
-7
Let p be 15/(-20) + -1 + (-3)/(-4). Let f(d) = -9*d**2 + 6*d + 1. Let g(o) be the first derivative of o**2/2 - 2. Let h(c) = -f(c) + 5*g(c). What is h(p)?
9
Let x(f) = -23 + 31*f**2 + 29*f**2 + f + 22 - 14*f**2. What is x(1)?
46
Let w(n) = -n**2 + 20*n - 58. Let s be w(3). Let a(m) = -3*m**2 + 3*m - 6. Let v(c) = -7*c**2 + 5*c - 13. Let k(r) = -9*a(r) + 4*v(r). Give k(s).
2
Suppose 4*q - 16 = k - 30, -5*k - 14 = q. Let x(u) = 10*u - 2. Calculate x(k).
-22
Let v(r) = -2*r**2. Suppose -6 = 2*i - 4*i. Let z(l) = -l - 3. Let p be z(-5). Suppose 2*j - p = i*j. Calculate v(j).
-8
Let i be (9/(-4))/((-3)/8). Let h(m) = 13*m**2 - 28*m**2 + m**3 + 9*m**2 + i + 4*m. Suppose 3*q - p = 14, -2*q + p = -3 - 6. What is h(q)?
1
Let v be 540/(-105) + 2/14. Let b(p) = -p**2 - 5*p + 4. What is b(v)?
4
Let b(g) be the third derivative of -2*g**4/3 + g**2. Suppose 3*o = 6*o - 2*t + 161, 261 = -5*o - 4*t. Let l = o - -52. What is b(l)?
16
Let v = -10 + 28. Let h(w) = -w**3 + 10*w**2 - 4*w**2 - 4*w - v + 17. Determine h(5).
4
Let d = -2 + -1. Let o = d + 5. Let n(i) = i + o + i + i + 0. Determine n(4).
14
Suppose 3*m - 90 = m. Let r be (-1)/(-2) - m/10. Let a(o) = -6*o**2 + 9*o**2 - o**2 + 3*o - o**2. Determine a(r).
4
Let i(x) = x**3 + 3*x**2 + 2*x + 5. Let w be i(-3). Let d(y) = -7*y**2 + 7*y + 7. Let k(z) = z**2 - 1. Let v(u) = w*d(u) - 6*k(u). Give v(5).
-11
Let q(r) = -10*r**2 - 8 - 8*r + 3*r**3 + 4 - r**3 - 3*r**3 - 16. What is q(-9)?
-29
Let v(r) be the third derivative of r**5/60 - r**4/12 - r**3/3 + 1224*r**2. Suppose -3*f = -p + 7, 3*p + f - 11 = -0*p. Determine v(p).
6
Let v(m) = -m - 1. Let i(t) = 3*t**2 - 6*t - 5. Let g be i(6). Let r = g + -72. What is v(r)?
4
Let x = 537 + -529. Let z(q) = -q**3 + 9*q**2 - 10*q + 14. Calculate z(x).
-2
Let q(n) = -n - 2. Let i(r) = r + 46. Let p(s) = i(s) - 2*q(s). Calculate p(-15).
5
Let p(h) = h**2 + 3*h - 2. Let w be (-14)/(-3) - (-3)/9. Let l = w - 5. Let k = l + -3. Give p(k).
-2
Suppose 2*h + 0*h = 3*h. Let v(y) = -1 + y + h*y + 13*y - 3*y. Calculate v(-1).
-12
Let t(g) = g**2 + 9*g + 11. Let o be t(-8). Suppose -w - 6 - 19 = 4*f, 0 = -4*f - o*w - 19. Let y(r) = -r - 14. What is y(f)?
-7
Suppose -4*n + 4*j = -0*n + 132, 2*n + 69 = 5*j. Let t = -31 - n. Let v(x) = -x**3 + x - 1. Give v(t).
-1
Let u(t) = 3*t**2 + 9*t - 2*t**2 + 5 - 2*t. Let v(c) = c**2 - 5*c - 6. Let l be v(6). Let s = l - 5. Give u(s).
-5
Let t(h) be the second derivative of h**4/12 + 2*h**3/3 - 4*h**2 + 13*h. What is t(-5)?
-3
Let l(a) be the third derivative of a**4/12 + 7*a**3/6 + 2*a**2 + 3. Let i be (-4 - -4)/((-2)/1). Suppose 0 = -4*c - 16, -2 = 2*v - 2*c - i*c. Calculate l(v).
-3
Let q(i) = i**3 + 4*i**2 + 13*i - 11. Let a(h) = -h**3 - 5*h**2 - 15*h + 13. Let k(o) = 5*a(o) + 6*q(o). Calculate k(2).
9
Let n(k) = -2*k**2 - 2*k + 2. Let s(m) = m**3 + 7*m**2 + 8*m + 10. Suppose 0 = -12*l + 17*l + 30. Let d be s(l). What is n(d)?
-2
Suppose 0 = 3*b - 3 - 6. Let k = b - 0. Suppose -k*x = -6*x. Let p(h) = -h**3 + h